s the highest common divisor of l and 63?
9
Let u(s) = -2*s**3 - 20*s**2 - 4*s - 20. Let q be u(-10). Suppose 5*n - 4*g - 658 = 0, 0 = -2*n + 2*g + 256 + 8. Calculate the highest common factor of q and n.
10
Let t(s) = 1151*s**2 - 82*s + 228. Let z be t(3). Calculate the greatest common factor of z and 27.
27
Let x be 0 - 48/(-3 + 3/2). Suppose 20*n - x = 18*n. Calculate the greatest common factor of 272 and n.
16
Let j = 5450 + 1897. What is the highest common divisor of 31 and j?
31
Let r(x) = 23*x - 4. Let k be r(4). Let w = 54803 - 54787. What is the greatest common divisor of k and w?
8
Let v be (-3532)/(-22) + 198/(-363). What is the greatest common factor of v and 20?
20
Let g = 14263 - 14164. Calculate the greatest common factor of 1809 and g.
9
Let v = -7 + 40. Let r be (-1015)/(-3) + ((-220)/v)/20. What is the greatest common factor of r and 26?
26
Suppose q + 67*d = 70*d + 49426, 4*d = 24. Calculate the greatest common divisor of q and 188.
188
Let g(z) = -z**3 + 47*z**2 + 11*z - 391. Let d be g(47). Calculate the highest common factor of 36 and d.
18
Let s(q) = -24*q**3 - 4*q**2 + 6*q - 1. Let i be s(1). Let o be (i + 11)/(((-3)/(-57))/(-1)). What is the greatest common divisor of 12 and o?
12
Let k = 143 - 174. Let r = k - -42. Calculate the highest common divisor of 121 and r.
11
Suppose 32*t - 76*t + 125488 = 0. Calculate the greatest common divisor of 620 and t.
124
Let j = 22611 - 22485. Calculate the highest common divisor of 16695 and j.
63
Let l = 43 + -40. Suppose 2*r = -l*x + 99, -5*r + 4*x - x = -300. Suppose -r = p - 4*p. Calculate the highest common factor of p and 38.
19
Suppose -22*g + 0*g = 376*g - 19104. Let z be -1 + (-1)/((-2)/130). What is the greatest common divisor of z and g?
16
Suppose -7*k = -18*k - 55. Let x be (0/4)/k + 1 - -1. Let o = -53 - -60. Calculate the highest common factor of x and o.
1
Suppose -4*o - 4*m = -460, 4*o = m + 347 + 113. Let l = o + 67. What is the greatest common divisor of 42 and l?
14
Suppose 4*n + 4*v + 35 = 5*v, n + 2*v + 20 = 0. Let m = n + 38. Let w = -13 + m. What is the highest common factor of w and 3?
3
Let t(h) = 2*h - 20. Let u be t(13). Let a be ((-2)/u*-2)/((-28)/(-126)). Let c(y) = y**2 + y. Let o be c(-3). Calculate the greatest common factor of o and a.
3
Let g be (-30*(-26)/(-65))/(3/(15/(-2))). What is the greatest common factor of g and 3420?
30
Suppose -3*w + 240 = -222. Let i = -111551 - -111677. Calculate the greatest common factor of w and i.
14
Let t be (-5)/1*(-6)/10. Suppose -29*r + t = -30*r. Let a be -20*2*r/12. Calculate the highest common divisor of 4 and a.
2
Suppose -28*t = -22*t - 456. Let d = t + -48. Calculate the highest common factor of 56 and d.
28
Let i = -6595 - -12529. Calculate the highest common factor of 138 and i.
138
Let n(y) = -y**2 + 39*y + 3382. Let g be n(76). Calculate the highest common divisor of g and 8170.
190
Let j be (-5280)/(-312) + (-1)/(-13). Suppose 0 = j*t - 1574 - 891. Calculate the highest common factor of 87 and t.
29
Let c = -192 - -2317. What is the highest common divisor of 125 and c?
125
Let r(b) = -2*b**2 - 29*b + 87. Let u be r(-17). Suppose -16*v + 11*v - 105 = -u*c, 225 = 5*c - 5*v. Calculate the greatest common factor of c and 50.
10
Let x(w) = w**2 + 7*w + 10. Suppose 5*z = 3*a + 40, 3*z - 2*a - 26 = -2. Let h be x(z). Calculate the greatest common factor of h and 78.
26
Suppose j - 360 = -2*j. Suppose 17*z - j = 12*z. Calculate the greatest common factor of 264 and z.
24
Let q = 617 + -658. Let o = q + 45. Calculate the greatest common factor of 100 and o.
4
Let j(m) = m + 7. Let c be j(5). Suppose -124 = 2*n + 102. Let i = -29 - n. What is the highest common factor of c and i?
12
Let w(k) = -2*k**2 + 13*k - 29. Let t be w(13). Let m be 1/((-11)/t)*(-2)/(-6). What is the greatest common divisor of m and 6?
6
Let v = 75 - -2. Let c(f) = -5*f**3 - 3*f**2 - 3*f - 1. Let n be c(-1). Suppose -h = h + 5*b - 4, -h - 1 = n*b. Calculate the greatest common factor of v and h.
7
Let c = 299 - 346. Let j = 183 - c. Calculate the greatest common factor of 46 and j.
46
Suppose -1453 = -428*c + 424*c + 663. What is the highest common factor of 115 and c?
23
Let y = 22 + -17. Suppose -y*l + l = -t, l + t = 0. Let h be l + -1 + (-3 - -16). What is the greatest common factor of 132 and h?
12
Let l(i) = -45*i - 33. Let h(j) = -2*j**2 - 3*j - 4. Let v be h(0). Let t be l(v). Calculate the greatest common divisor of t and 3.
3
Suppose 0 = -7*b + 10*b - a - 106, -3*b - 3*a + 114 = 0. Let n be b/4 - 27/(-9). Calculate the greatest common factor of 7 and n.
1
Suppose -v - 3*v - 4*g + 8 = 0, -2*g + 16 = 5*v. Let y be (27/v - 4)*4. Let s = 173 + -74. Calculate the highest common divisor of s and y.
11
Let u = -14207 + 27833. Calculate the highest common factor of u and 18.
18
Suppose 0 = -340*f + 175*f + 179*f - 23268. Calculate the highest common factor of f and 6.
6
Let q(t) = -7 - 5*t**2 - 3*t - t**3 + 7 - 5. Let f(y) = 2*y - 27. Let i be f(11). Let k be q(i). Calculate the greatest common divisor of 40 and k.
10
Let a = 363 - 366. Let g be 68 - ((-2)/a)/((-1)/6). Suppose -3*y + 5*i = -54, -3*y - 3*i + 4*i = -54. What is the highest common factor of y and g?
18
Suppose -3*o + 223 = 2*b - 192, -4*o + 5*b + 515 = 0. Let w = -401 + 581. What is the greatest common factor of o and w?
45
Suppose -1120 = -59*t + 69*t. Let k = t - -447. Suppose -5*f = l - k, -l - 3*l = -5*f + 310. What is the greatest common divisor of f and 99?
33
Suppose -106*q = -103*q. Suppose q*p - 5832 = -27*p. Let m(o) = 4*o**3 - 2*o**2 - o + 2. Let f be m(2). What is the highest common factor of f and p?
24
Let b(j) = -49*j + 30*j + 9 - 37*j - 16*j. Let k be b(-4). Calculate the greatest common factor of 27 and k.
27
Let i(g) = 82*g + 920. Let o be i(-11). Calculate the greatest common divisor of o and 6822.
18
Let u(h) = -22*h - 4. Let a be u(2). Let m = a - -58. Let q = 490 - 455. Calculate the highest common divisor of m and q.
5
Suppose -5*m = 5*t - 7050, -3*m + 2622 = -t - 1608. Calculate the greatest common factor of 120 and m.
30
Suppose h - 2*h - 5*c = -33, 2*c + 57 = 5*h. Let v(b) = b - 23. Let k be v(28). Let z be (-450)/((-25)/k) + 5/5. What is the greatest common divisor of h and z?
13
Suppose -5*r + 5*p = -10, 1 = 1201*r - 1204*r + 4*p. Calculate the greatest common factor of r and 435.
3
Let s = 131 - 38. Suppose -4*h = 5*q - 138, 3*q + 0*h = h + s. What is the highest common divisor of q and 90?
30
Let t = 8186 - 6977. What is the greatest common divisor of t and 279?
93
Suppose -3*r - 9 = 27. Let q(y) = -4*y - 24. Let j be q(r). What is the highest common divisor of 16 and j?
8
Let c be ((-258)/(-10))/(((-989)/(-460))/43). What is the greatest common factor of c and 903?
129
Let c be ((-24)/(-4) + 9/12)/((-6)/(-24)). What is the greatest common divisor of c and 19953?
27
Suppose 2*o - 6 = 0, -10*b + 14*b + o = 883. Calculate the highest common divisor of b and 1045.
55
Let f(u) = 31*u**2 + u - 2. Let s(h) = 2*h**2 - 81*h + 41. Let i be s(40). Let t be f(i). What is the highest common divisor of 390 and t?
30
Let x be (20/60)/((-2)/6). Let v(g) = 58*g**2 + g + 3. Let h be v(x). Let a be 6*1/5*5. What is the greatest common factor of h and a?
6
Let o be (1 + 15/(-2))/((924/(-7480))/21). What is the greatest common divisor of o and 260?
65
Let j = 517 - 526. Suppose 0 = -3*x + i - 9, 3*x - 4 + 13 = 5*i. Let m be (3 + j)/x*(-4 + 14). What is the highest common divisor of m and 70?
10
Let n(u) = -u**3 + 8*u**2 + 3*u - 61. Let y be n(7). Suppose 0 = 2*q + 3*x - y - 42, -q + 5*x = -6. Calculate the highest common divisor of 6 and q.
3
Let z be (-4216)/(-12) - 88/66. Suppose 20 = 4*c, -2*i + 1 = 3*c - 22. Suppose n = -i*n + 175. What is the greatest common divisor of n and z?
35
Let c be (-8)/(-2) - (-22 + 23). Suppose -4*h + 314 = -c*q, -12*q + 306 = 4*h - 11*q. Calculate the highest common factor of 77 and h.
77
Suppose -1039 = -112*m + 977. What is the highest common factor of m and 477?
9
Let a be 8636/18 - 10/(-45). Suppose -15*z + 9*z = -a. Let k = 162 - z. Calculate the highest common divisor of 123 and k.
41
Suppose -2*q + 220 = 3*h - 57, 2*q - 467 = -5*h. Let y = h + -67. Let b be ((-14)/(-2))/((-7)/(-84)). Calculate the greatest common div